 -2*d**2 + 2*d - 2 - d - 2*d. Calculate x(u).
-8
Let t be (2 - 0)*(-1)/(-2). Let k(z) = z**3 - z**2 + z - 1. Let s(n) = -5*n**3 + 2*n**2 - 4*n + 4. Let f(l) = -3*k(l) - s(l). Calculate f(t).
3
Let f(g) = -g + 1. Let i(b) = 3*b - 3. Let w(j) = -12*f(j) - 3*i(j). Determine w(6).
15
Let q(h) be the third derivative of -1/6*h**3 - 1/6*h**4 + 4*h**2 + 1/30*h**5 + 0*h + 0. Calculate q(3).
5
Let r be 9/4 - (-1)/(-4). Let o = r + 1. Let j = -2 + o. Let g(q) = -6*q + 1. Calculate g(j).
-5
Let y(d) = d**2 - 22*d + 86. Let r be y(5). Let j(l) be the third derivative of 7/60*l**5 + 0*l + 0 + 0*l**3 - 2*l**2 - 1/24*l**4. Give j(r).
6
Let w(i) be the third derivative of 0*i - 2/15*i**5 + 1/24*i**4 + 3*i**2 + 0 + 1/6*i**3. Let r be 6/(-9) - (-2)/(-6). Determine w(r).
-8
Let b(l) = l**2 - 2*l + 4. Suppose -5*h - 17 = 5*q - 2*q, -3*q + 5*h = 37. Let z = q + 12. What is b(z)?
7
Let h(v) = -v**3 + 5*v**2 - v + 6. Let t = -4 + 9. Give h(t).
1
Let q(p) = 4*p**3 + 4*p + 4 - 5*p**3 + 5*p**2 + 0 + 3. Give q(6).
-5
Let o(x) = -10*x - 1. Let h be (0 + -1)/((-5)/(-5)). Give o(h).
9
Let z(v) = -v**3 - v**2 + 1. Suppose -3*b - 4*k = -0*b + 3, 3*k - 1 = b. What is z(b)?
1
Let r(w) = -w**3 + 1. Let n(h) = 24*h**3 + 2*h**2 + 2*h - 5. Let k(a) = -n(a) - 6*r(a). Let d(l) = l**2 - 4*l + 2. Let c be d(3). Give k(c).
17
Let s be 1/2 + 30/20. Let w(j) = 6*j + s + j**2 + j**3 + 0*j**2 + 6*j**2 + 0*j**2. Determine w(-6).
2
Let w(q) = -q**2 + 7*q - 1. Let i(d) = -d**2 - 10*d + 16. Let k be i(-11). Give w(k).
9
Let a(t) = 0*t**2 - 4*t**2 + 4 - 7*t + 5*t**2. What is a(4)?
-8
Let a(g) be the first derivative of -g**4/4 + 2*g**3/3 - g**2 - 2*g - 1. Determine a(2).
-6
Let l(r) be the first derivative of r**5/60 + 7*r**4/24 - 9*r**2/2 + 2. Let i(o) be the second derivative of l(o). What is i(-6)?
-6
Let a(t) = -t**2 - 6*t + 2. Let h be a(-6). Let w(y) = 4*y. Determine w(h).
8
Suppose 5*x - 15 = -3*l, 2*x - 4 = 2. Let f(j) = -1 + j + j + l + 2. Determine f(-4).
-7
Let i(w) be the second derivative of w**3/6 + 5*w**2 - 9*w. What is i(-5)?
5
Let t(r) = -7*r - 4. Let c(m) = 13*m + 9. Let h(q) = -6*c(q) - 11*t(q). Determine h(0).
-10
Suppose -9*c - 24 = -3*c. Let t(x) = x**3 + 4*x**2 + 2*x + 3. Determine t(c).
-5
Let r(p) = -4*p + 1. Suppose 0 = -5*z + 3 + 7. Calculate r(z).
-7
Let a(y) = -3*y**3 - 25*y**2 + 30*y - 17. Let r(k) = 5*k**3 + 37*k**2 - 45*k + 25. Let z(x) = -8*a(x) - 5*r(x). What is z(14)?
-3
Let g(c) be the first derivative of -1/3*c**3 - 1/20*c**5 - 1 - 3/2*c**2 - 1/4*c**4 - c. Let o(y) be the first derivative of g(y). What is o(-3)?
3
Let p = 2 + 0. Let n = -3 + 7. Let w(g) = n - g**p - 1 - 2. Determine w(1).
0
Let y(i) = i + 7. Let u = -2 - 0. Let w = u + -3. Calculate y(w).
2
Let k = 45 - 45. Let m(c) be the second derivative of c**5/20 - c**3/6 - c**2 + c. Determine m(k).
-2
Let c be (-6)/12*6/1. Let v be c/(-6) + 3/(-2). Let x(q) be the third derivative of q**5/30 + q**4/24 - q**2. Calculate x(v).
1
Let i(n) = -3 + 3*n**2 + 4*n + 0 - 2*n**2 - 1. Let f be i(-4). Let s(h) = -h**3 - 3*h**2 + 4*h + 5. Determine s(f).
5
Let d(f) = 9*f**3 + 0*f**3 + 0*f**3 - 8*f**3 - f + 4*f**2. What is d(-5)?
-20
Let s(h) = h**3 + 3*h**2 - h - 1. Let c(i) = -i**3 - 3*i**2 + 2*i. Let r(o) = -4*c(o) - 3*s(o). Calculate r(-5).
-22
Let k be 21/(-7)*2*1. Let q(z) be the third derivative of -z**4/24 - 7*z**3/3 + z**2. Give q(k).
-8
Let d(b) = 4*b - 6. Suppose -3*g = -4*s - 22, -s - 9 = -5*g + 5. Suppose g*i = i + 4. Give d(i).
10
Suppose 0 = 4*n + 101 - 81. Let w(j) = -j + 1. What is w(n)?
6
Let a(g) be the second derivative of g**4/12 - 13*g**3/6 + 6*g**2 - 33*g. Give a(8).
-28
Let o(b) = -2*b + 1. Let g be 90/78 - 2/13. Determine o(g).
-1
Let c(l) = l + 1. Let i(w) = -1. Let z(o) = -3*c(o) + i(o). What is z(-3)?
5
Let g(r) = -2*r. Let t(j) = -j**3 - 3*j**2 + j - 11. Let c be t(-4). What is g(c)?
-2
Suppose 3*b = -5*p + 7 + 14, -4*b = -p - 5. Let c(q) = 3*q - 4*q - 5*q + 4*q + 3. Give c(b).
-1
Let m(x) = x**2 - 5*x + 4. Let r(t) = -t**3 + 7*t**2 - 6*t - 15. Let v be r(5). Give m(v).
4
Suppose -f - 4*d + 16 = 0, -16 = d - 5*d. Let j(b) = -b**2 + b + 6. Calculate j(f).
6
Let u(a) be the second derivative of -a**5/20 + 5*a**4/12 + 7*a**3/6 - a. Let n(t) = -t**3 - 7*t**2 - 3*t - 15. Let i be n(-7). Determine u(i).
6
Let v(j) = j + 1. Let c be v(-6). Let l(q) = 6*q**3 + q**2 + q - 13*q**3 + 5*q**2 - 7 + 8*q**3. Give l(c).
13
Suppose -5*p - 2*b - 2*b - 26 = 0, 3*b = 5*p - 2. Let s(o) = o**2 + o + 3. Let r be s(p). Let n(q) = q**2 - 2*q - 3. Give n(r).
12
Let o(m) = m**3 + 7*m**2 - 9*m + 2. Let h = 4 - 12. What is o(h)?
10
Let b(o) = -o + 6 - 2 - 1 - 5. What is b(7)?
-9
Let n(k) = k**2 - 3*k - 1. Let p(l) = -l**3 - 6*l**2 + 7*l + 5. Let m(d) = -1 - 6*d**3 + 2 - 2*d**2 + 0. Let s be m(1). Let r be p(s). Determine n(r).
9
Let w = -11 - -16. Let k(u) = -w*u - 4 - 4 - 3 + 7. Determine k(-3).
11
Let f(p) = 3*p**3 - 5*p**2 - 4*p - 10. Let c(q) = 2*q**3 - 5*q**2 - 4*q - 9. Let w(o) = 4*c(o) - 3*f(o). Let d = -26 + -7. Let r = -37 - d. What is w(r)?
-6
Let f(r) = r**3 - 3*r**2 - 9*r - 1. Let n(d) = -d**3 + 3*d**2 + 8*d. Let x(v) = 4*f(v) + 5*n(v). Let h = -1 + 3. Suppose 6*a = h*a + 16. Determine x(a).
-4
Let w(o) = -41*o. Let n(g) = -8*g. Let p(r) = 11*n(r) - 2*w(r). What is p(-1)?
6
Let u(q) = -3*q. Let v(z) = z. Let l(k) = -u(k) - 4*v(k). What is l(6)?
-6
Let i(w) = 9 - 24 - w + 16. Let l(h) = -h**3 + 4*h**2 + 5. Let u be l(4). Give i(u).
-4
Let r(o) = -3*o**3 - 6*o**2 - 10*o + 2. Let p(j) = 2*j + 7. Let l be p(-6). Let k(n) = n**3 + 3*n**2 + 5*n - 1. Let u(z) = l*k(z) - 2*r(z). Calculate u(4).
-3
Let o(q) be the second derivative of -q**4/12 + q**3/3 - q**2 - 10*q. Give o(3).
-5
Suppose 0 = 4*x - 16, 0*i + 3*i + 2 = 2*x. Let o(n) = -n - n**3 - 27*n**2 - 5*n + 21*n**i - 7. Give o(-5).
-2
Let p(o) = -o**2 - 6*o - 4. Let b(a) = -a**2 - 6*a - 4. Let q(h) = 4*b(h) - 3*p(h). Determine q(-4).
4
Let r(y) = -3*y**3 - 2*y**2 - 3*y - 1. Let o(j) = 4*j**3 + 2*j**2 + 3*j + 1. Let x(d) = -4*o(d) - 5*r(d). What is x(3)?
1
Let h(z) be the third derivative of -z**5/30 + z**4/8 - z**3/2 - 3*z**2. Suppose 0 = -4*u + 4*b + 24, 3*u = 2*u - 3*b - 10. Give h(u).
-5
Let f(h) = -2*h**2 + 3*h - 3. Suppose u - 3*u - 20 = 2*x, u = 5*x + 26. Let p = x - -8. Determine f(p).
-5
Let l(b) = -b**2 - 7*b - 2. Let k be 26/(-4) + 6/12. What is l(k)?
4
Let w be ((0/3)/2)/2. Let n(g) be the first derivative of -g**4/4 + g**3/3 - g**2/2 - 6*g - 23. Calculate n(w).
-6
Let b be 1*3 - (-1 + -1). Suppose 7*g = 2*g + b. Let q(r) = 3*r - 1. Let k be q(g). Let h(w) = -w**3 + 2*w**2 - 3*w + 1. Calculate h(k).
-5
Let z(k) = -k. Let h be (-355)/(-30) + 2/12. Let c be ((-6)/9)/((-2)/6). Suppose c*p = -2*p + h. Calculate z(p).
-3
Let h(b) = b + 1. Let p be 20/(-6)*(-3)/2. What is h(p)?
6
Let s be (5/(-2))/(6/(-12)) - 4. Let v(y) = -4*y**3 + y**2. Determine v(s).
-3
Suppose 6*m = 3*m + 15. Let l(f) = -f**2 + f + 7. Determine l(m).
-13
Let t(r) = -3*r + 53. Let z be t(17). Let h(p) = 4*p - 1. What is h(z)?
7
Let o(y) = -y - 1. Let d(z) = -z**2 + 11*z + 4. Let t(s) = -d(s) - 5*o(s). Calculate t(6).
1
Let k(h) = -h - 2. Suppose -5*s + 4 - 24 = 0. Let v = s + 12. Suppose -v = -4*d, 5*l = -2*d + 3*d - 12. What is k(l)?
0
Let h(v) = -4 + 4 + 9*v - 2. Let w(q) = -14*q + 3. Suppose 4*t = -3*d + 18 + 9, 0 = 5*d + t - 28. Let a(i) = d*w(i) + 7*h(i). Give a(1).
-6
Suppose -3 = 5*u - 4*o, -5*u + 5*o + 1 = 3*o. Let y(i) = -i**3 - i. What is y(u)?
-2
Let a(i) = -i**3 - 5*i**2 - 8*i - 17. Let q be a(-4). Let y(z) = 2*z**3 + z + 1. Calculate y(q).
-2
Let i(h) = -h**3 + 7*h**2 - 6*h + 3. Let k(g) = -g**3 + 7*g**2 - 5*g + 3. Let z(w) = 5*i(w) - 6*k(w). Calculate z(7).
-3
Let j(z) = z**3 - 7*z**2 - 2*z - 7*z + 1 + z - 5. What is j(8)?
-4
Let i(t) = -t**3. Let v(y) = y**3 + 3*y**2 - y + 2. Let x(l) = 2*i(l) + v(l). Let k(c) = -c. Let q be k(-3). Calculate x(q).
-1
Let d(r) = 2*r - 17. Let w(m) = -m + 8. Let a(p) = 6*d(p) + 14*w(p). Let u = 77 + -70. What is a(u)?
-4
Let l(n) = -22*n**2 + n - 1. Let d(y) = 23*y**2 - y + 1. Let s(j) = -4*d(j) - 3*l(j). Calculate s(1).
-26
Let a(i) be the third derivative of -i**5/60 + i**4/12 - i**3/3 - 2*i**2. Suppose 3 + 1 = f. What is a(f)?
-10
Let b(c) = -3*c**3 + 2*c**2 - c - 1. Suppose 2*a + 5 = 9. Calculate b(a).
-19
Suppose -15 = -5*w + i 